base 2) to base 4
313211130
-2333 (base 7) to base 4
-31121
What is 200a6 (base 14) in base 7?
440266
1221961 (base 10) to base 8
4522511
Convert 1101100001010110 (base 2) to base 16.
d856
5441024 (base 9) to base 6
142332204
-105330 (base 6) to base 11
-6826
What is 5402171 (base 8) in base 16?
160479
648629 (base 10) to base 12
273445
Convert d367b2 (base 14) to base 5.
3310444302
What is 504622 (base 8) in base 5?
20310130
-885b6 (base 16) to base 3
-1001101010212
Convert -79e0de (base 15) to base 6.
-324414245
-4700a1 (base 12) to base 15
-177e51
Convert -245435522 (base 7) to base 14.
-20b2682
Convert -2200111 (base 7) to base 11.
-174098
Convert 120884 (base 11) to base 5.
22111033
What is -1736651 (base 9) in base 5?
-222004443
-1122120211 (base 4) to base 2
-1011010011000100101
8235562 (base 9) to base 12
157a59b
Convert 25d1a (base 16) to base 6.
3153054
What is -557c30 (base 16) in base 12?
-1a62128
Convert -12023143 (base 5) to base 6.
-2214040
What is 110111001101110110100 (base 2) in base 11?
1026418
Convert 23054254 (base 7) to base 5.
1003413142
What is 11023001 (base 5) in base 3?
11211211110
What is a4ad25 (base 14) in base 8?
25157105
73857 (base 15) to base 3
200121120201
-545510504 (base 6) to base 4
-211112133220
Convert 778679 (base 12) to base 3.
10120121201110
What is -43002140 (base 5) in base 10?
-359670
What is -6050621 (base 7) in base 8?
-2572600
434134314 (base 5) to base 15
26c8a9
What is 1284a0 (base 11) in base 13?
7099a
Convert 312419 (base 14) to base 16.
194d47
Convert -31023332020 (base 4) to base 12.
-11a8634
What is 262a56 (base 11) in base 8?
1450271
Convert -1012203312 (base 4) to base 14.
-7747c
What is 12021213 (base 5) in base 12?
54160
What is -5710526 (base 10) in base 16?
-5722be
32202000203 (base 4) to base 3
21011112101202
What is 100220412 (base 5) in base 11?
25221a
Convert 4136470 (base 9) to base 2.
1000011011010111101001
Convert -393699 (base 11) to base 5.
-124312444
Convert 1520015 (base 9) to base 14.
17c0b4
11367839 (base 10) to base 4
223113112133
11110110111001111 (base 2) to base 15
276ca
Convert -1a3069 (base 13) to base 16.
-a201d
1011110101110111001 (base 2) to base 11
245590
-aabba1 (base 13) to base 12
-1421135
What is -321543 (base 6) in base 12?
-132b3
Convert -355403 (base 10) to base 7.
-3010106
Convert 2933380 (base 10) to base 2.
1011001100001010000100
3307734 (base 9) to base 13
4a2ba6
What is -39b0a (base 12) in base 2?
-10011010111111010
30111332 (base 7) to base 8
11377756
What is 43323116 (base 7) in base 11?
20aa498
147144 (base 14) to base 7
6020514
Convert a49a5 (base 13) to base 9.
501088
10001000010101101001110 (base 2) to base 3
22101222022020
What is 251e (base 16) in base 3?
111000221
Convert -da994e (base 16) to base 9.
-28854632
-55634 (base 12) to base 4
-123221020
Convert 1235158 (base 9) to base 8.
2442351
1047771 (base 11) to base 15
265462
2120123121 (base 4) to base 10
624345
12a14 (base 14) to base 13
17b65
What is -2b062 (base 15) in base 4?
-201303203
-10267a (base 12) to base 8
-756476
Convert 61554131 (base 7) to base 6.
302304102
What is -182016 (base 10) in base 6?
-3522400
Convert -ee70d (base 16) to base 14.
-1b5ccd
What is -4a186 (base 11) in base 15?
-1655e
32c132 (base 13) to base 5
301310300
-112111022102 (base 3) to base 12
-119102
What is 210200303223 (base 4) in base 5?
4422242223
Convert -16454 (base 13) to base 5.
-2324423
2a47008 (base 11) to base 9
10737520
Convert -26530450 (base 7) to base 4.
-21110302201
10723406 (base 8) to base 13
63a672
Convert -102403444 (base 5) to base 4.
-1222022322
What is 1883497 (base 10) in base 4?
13023311221
-10002123031 (base 4) to base 8
-4023315
What is 57180 (base 13) in base 16?
26af9
Convert -5928b (base 12) to base 10.
-119627
What is 1345719 (base 10) in base 15?
1b8ae9
2120220112102 (base 3) to base 5
323013022
Convert 1216766 (base 8) to base 12.
14209a
21c4cc (base 14) to base 10
1147956
Convert bad14 (base 14) to base 3.
211222211022
Convert -4104432 (base 5) to base 2.
-10000001011000010
What is -86361 (base 12) in base 6?
-3442201
1000241132 (base 5) to base 8
7370072
What is -82617b (base 13) in base 11?
-1797762
Convert 1155033 (base 7) to base 10.
148200
What is -d3dacc (base 15) in base 10?
-10070067
-79650 (base 13) to base 12
-a7923
Convert -5806829 (base 11) to base 12.
-3498a26
Convert -5cc30e (base 16) to base 9.
-12385137
111202000201 (base 3) to base 9
452021
What is -1a56b1 (base 12) in base 7?
-3650050
Convert 829c (base 14) to base 3.
1010211200
3343230 (base 6) to base 2
101001010100000010
-140125624 (base 7) to base 10
-9082609
2321322403 (base 5) to base 13
1122808
What is -33858e (base 15) in base 12?
-9a672b
Convert -12401263 (base 7) to base 10.
-1126555
What is 2202012022 (base 3) in base 9?
82168
Convert -100000000101101010 (base 2) to base 10.
-131434
Convert -13735 (base 12) to base 14.
-9b85
What is 1010110000100010 (base 2) in base 3?
2020110002
11003310 (base 5) to base 16
16ffd
Convert 473e2 (base 15) to base 9.
375355
-310451253 (base 6) to base 10
-5356689
Convert 210211021020112 (base 3) to base 16.
b0fae6
Convert -44332244 (base 5) to base 4.
-1132120032
-2093992 (base 11) to base 7
-43165036
16ba48 (base 13) to base 10
568576
38634 (base 12) to base 2
10010110010001000
What is 2b8407 (base 12) in base 8?
2645507
Convert 5122315 (base 6) to base 3.
110101222102
What is -2031233 (base 6) in base 15?
-1dd59
Convert -204213535 (base 7) to base 16.
-b7ad89
-30652 (base 9) to base 4
-10323320
What is ae620 (base 15) in base 5?
120224010
Convert 20111001110 (base 3) to base 15.
27c29
-4eaeea (base 15) to base 8
-16335312
27354637 (base 8) to base 14
b61659
What is 3284814 (base 11) in base 5?
2433311340
1201b1 (base 12) to base 10
290581
169026 (base 12) to base 2
1011110111011011110
What is 29208 (base 13) in base 14?
20213
Convert 223167 (base 9) to base 14.
36953
What is 2233552 (base 6) in base 16?
1bbcc
What is 11525123 (base 6) in base 15?
745d0
Convert 17d39 (base 15) to base 6.
1353313
Convert -128141 (base 14) to base 2.
-10011011011110111101
Convert 12320320 (base 4) to base 16.
6e38
Convert 11a5cc (base 13) to base 9.
714018
26636471 (base 8) to base 14
b19157
What is -411387 (base 11) in base 4?
-2201102122
What is 7a098c (base 14) in base 6?
224544424
What is -27315313 (base 8) in base 14?
-b5984b
10111342141 (base 5) to base 2
100111001001011010011011
-1120022111211 (base 3) to base 11
-519844
What is 33132320 (base 4) in base 10?
63416
Convert -1100032001 (base 4) to base 13.
-b6732
-152230355 (base 6) to base 5
-1304122231
-40e4c (base 15) to base 9
-343170
-776283 (base 9) to base 13
-1331b2
Convert 2320001223 (base 5) to base 11.
2a55894
32c47 (base 15) to base 4
213121300
Convert 13013763 (base 10) to base 15.
1220de3
What is -34d25a (base 14) in base 8?
-6702020
659a (base 13) to base 15
42d9
What is -111022112010 (base 3) in base 12?
-107810
What is -293bb4 (base 12) in base 4?
-2220233320
What is 53047402 (base 8) in base 9?
23221251
What is a8185 (base 11) in base 10?
157272
-98520 (base 11) to base 14
-3a1b6
What is -22002200021011 (base 3) in base 4?
-100122311101
What is 423343 (base 6) in base 15?
a339
What is -301 (base 12) in base 14?
-22d
What is 23341755 (base 8) in base 6?
301122325
1112022210202 (base 3) to base 9
1468722
What is 588a3b (base 13) in base 14?
3cac0d
What is ad38 (base 16) in base 12?
217b4
Convert 35214114 (base 6) to base 11.
685629
Convert 902b (base 15) to base 9.
45645
Convert -61b03 (base 12) to base 10.
-127731
What is -13e79 (base 15) in base 13?
-231a2
Convert -344a3 (base 16) to base 10.
-214179
Convert 151a21 (base 15) to base 12.
411264
20b958 (base 15) to base 2
101111100010111011111
What is 7c71c (base 15) in base 6?
12255313
20401045 (base 6) to base 7
5011451
232201330 (base 4) to base 5
22044323
-373c0a (base 14) to base 10
-1892978
What is 64973 (base 11) in base 6?
2004431
88241 (base 14) to base 12
13a995
What is -4ae9c8 (base 16) in base 9?
-10212523
What is -202313004 (base 5) in base 14?
-175c51
What is 4ae1 (base 15) in base 9?
23804
What is 3badf0 (base 16) in base 10?
3911152
What is -694405 (base 12) in base 11?
-a52606
11231020121 (base 4) to base 13
404975
-448771 (base 9) to base